)/(-36) + -4). What is the greatest common divisor of n and 272?
17
Let l = -28 - -33. Let j(x) = x**3 + 5*x**2 - 5*x + 11. Let p be j(-8). Let t = -101 - p. Calculate the greatest common divisor of l and t.
5
Let v = -19 + 25. Suppose -2*x - 504 = -v*x. Let h be (-1 - 5)*-3 - 0. Calculate the greatest common divisor of x and h.
18
Let u be 5/2*4/5. Suppose -4*v - u*q = 4 - 14, v = 4*q + 16. Let x = 18 - 6. Calculate the highest common factor of x and v.
4
Let t = 1498 + 407. Calculate the highest common factor of t and 15.
15
Let w(r) = 2*r + 14. Let z be w(-6). Suppose 4*x + 2*b - 736 = 0, b - 4*b + 364 = z*x. Calculate the highest common divisor of x and 37.
37
Suppose 34*w = 35*w + 1. Let t be (-1)/3 + ((-290)/(-15) - w). What is the highest common divisor of 5 and t?
5
Suppose 5*n + 6 = 4*n. Let d be ((-4)/n)/((-6)/(-18)). Suppose -41 = -d*z + 23. What is the greatest common factor of 8 and z?
8
Suppose 4*w - 2*p = -206, 0*w - 2*w - 97 = -3*p. Let l = -46 - w. What is the greatest common factor of 7 and l?
7
Let y be (9 - 4) + 3*(-2 - -1). Let o(c) = -2*c - 5. Let x be o(9). Let q = x - -37. What is the greatest common divisor of q and y?
2
Let y be (364/(-210))/((-1)/(-5))*-3. Let m(r) = -r**2 + 26*r + 16. Let s be m(y). Let d = 24 + 8. Calculate the highest common factor of d and s.
16
Let p be 54 - (-3)/((-3)/2). Let x be 28*((-15)/(-6) - 2). Let u = -1 + x. What is the highest common divisor of u and p?
13
Let h be ((-5)/(-2))/(6/48). Let r be (-3)/((12/h)/(-1)). Suppose 2*f + 5 + r = 3*z, 2*z = f + 8. Calculate the highest common divisor of z and 6.
6
Let t(r) = 4*r**3 - r**2 + 4*r + 1. Let g be t(2). Calculate the greatest common divisor of 407 and g.
37
Let s = -447 - -1513. Calculate the highest common factor of s and 26.
26
Suppose 96 = -0*g + 4*g. Let r be 1 - (-5)/(-4) - 20145/60. Let w be (2*2/(-4))/(2/r). What is the greatest common divisor of g and w?
24
Let y = -43 - -31. Let w = y - -14. Let d be (-2 - -4)*(w + 10). Calculate the greatest common factor of d and 8.
8
Let k be (-4)/8 + (-10)/(-4). Let m be ((-9)/3)/(k/(-26)). Let d(q) = -3*q**2 - 29*q + 23. Let r be d(-10). What is the highest common factor of r and m?
13
Let s be 478/17 + 92/(-782). What is the highest common factor of 868 and s?
28
Let w be ((-92)/6)/((-57)/684). What is the greatest common divisor of w and 24?
8
Let c(v) = -196*v**2 + 1. Let r be c(-1). Let n = -53 + r. Let h = -128 - n. Calculate the highest common factor of 15 and h.
15
Let m be ((-2)/(-6))/(9/297). Suppose 2*j - 162 = -4*w - 0*w, 4*j - 2*w - 304 = 0. Calculate the highest common divisor of m and j.
11
Suppose 21 = 3*f - 3*u, f = -2*f - 3*u + 45. Suppose f*s - 18*s = -105. Calculate the greatest common factor of s and 30.
15
Let d = 16 - -2500. What is the greatest common factor of 68 and d?
68
Let q be (-1960)/210*30/(-7). Calculate the greatest common divisor of 8 and q.
8
Suppose 15*f - 17*f + 418 = 0. Suppose -31 = 4*i - 107. What is the highest common factor of i and f?
19
Let f(x) = 4*x + 1. Let m be f(1). Let t(p) = -2*p**2 - 18*p + 14. Let l be t(-9). Let i be (21 - m)/(4/l). What is the highest common factor of i and 14?
14
Suppose 0 = 4*r - 4 - 4. Suppose 4*s - p - 31 = 0, -r*p = -2*s + p + 23. Calculate the greatest common factor of 35 and s.
7
Let z = 64 - 46. Suppose z = 21*s - 12*s. What is the greatest common divisor of s and 8?
2
Let m(y) = -y**2 - 22*y - 9. Let a be m(-14). Suppose 4*z - a = 49. Calculate the highest common factor of z and 418.
38
Suppose -38*j = -49*j + 1320. What is the highest common divisor of 4 and j?
4
Let n be 308/6 - 8/(-12). Let f(h) = -h**2 + 6*h + 4. Let z be f(5). Let u be (-3)/(-1)*z + -1. Calculate the greatest common factor of u and n.
26
Let r be 9*3 + 3/(-1). Suppose 0 = 5*z + 3*d + d + 83, 3*d - 69 = 5*z. Let i be 2/(-6) + (-365)/z. Calculate the greatest common factor of r and i.
24
Let w(i) = i**2 - 14*i + 99. Let r be w(0). What is the highest common divisor of 90 and r?
9
Suppose 5*j = -5*a + 4*j + 573, -5*j + 15 = 0. Suppose -7*r + 6*r = -6. What is the highest common factor of a and r?
6
Let k(b) = 10*b - 4. Let f be k(2). Suppose 3*x + 35 = -1. Let o = x + f. Calculate the greatest common divisor of o and 4.
4
Let k(d) = -17 + 19*d + 11*d + 10*d - 38*d + d**2. Let w be k(4). Let b = 25 - 18. What is the highest common divisor of b and w?
7
Suppose 3*i - 8 = -i. Suppose i*a - 11*a = -288. What is the greatest common factor of 80 and a?
16
Let a be 54 - (0 + (-4)/2). Suppose 211 + 496 = 101*m. Calculate the greatest common factor of m and a.
7
Suppose -4*y = -7*y + 3*w - 9, 0 = -2*y - 4*w + 18. Let a be (12 - (-2 - y)) + 1. What is the greatest common divisor of a and 8?
8
Let m(j) = -71*j - 88. Let l be m(-2). Let a = -109 - -244. Calculate the greatest common divisor of l and a.
27
Let v = -342 + 1117. Calculate the greatest common factor of v and 31.
31
Let n be 2/6 + 22/6. Let m(y) = 0 - 1 - 8*y + 83*y**2 + 5*y - 82*y**2. Let u be m(n). What is the greatest common factor of u and 3?
3
Let a be 2/(-14) + (-252348)/(-476). Calculate the highest common factor of a and 40.
10
Let u = 9 - 7. Suppose t - u*t - 287 = 0. Let z = t + 562. Calculate the greatest common factor of 25 and z.
25
Let v(d) = -7*d**2 + 44*d. Let x be v(3). What is the highest common divisor of 2001 and x?
69
Let z(x) = x**2 - 6*x - 340. Let f be z(22). Calculate the highest common factor of f and 84.
12
Let a(t) = 2*t**2 - 25*t - 23. Let c be a(17). What is the highest common factor of 39 and c?
13
Suppose -r + 5*y + 13 = 0, -4*r + 4*y = -2*r - 14. Suppose -j - 24 = -4*i, j + 109 = -i + 115. Calculate the highest common factor of i and r.
3
Suppose -91 = -3*w + 299. What is the greatest common factor of w and 78?
26
Suppose -x + 23 = -5*p, 2*x - 3*p = -2*x + 7. Let c = x + 1. Let r be -3 - c*(34 - -3). Calculate the highest common factor of r and 51.
17
Suppose 2*t = -4*t + 12. Let d be (-4)/(-10)*2*5. Suppose d*l = t*l + 154. Calculate the greatest common factor of 7 and l.
7
Suppose 2*l + 0*z + 2*z = 6, 3*l + 4*z = 6. Suppose 0 = 5*u + 88 + 262. Let a = u - -118. Calculate the highest common factor of l and a.
6
Let g(z) = 6*z**3 - 2*z**2 + 33*z + 4. Let b be g(4). Calculate the highest common divisor of b and 183.
61
Suppose 3*y + 2*z = 694, -7*z + 5*z - 710 = -3*y. Calculate the greatest common factor of 18 and y.
18
Let j = 9 + -6. Let b = 85 - 11. Suppose j*i - b = -11. What is the highest common divisor of i and 14?
7
Suppose -5*x + 354 = -411. What is the greatest common divisor of x and 27?
9
Suppose -2*c + 39 = b, 4*b + 5*c = 5*b - 11. What is the highest common divisor of 837 and b?
31
Suppose -2*u + 4 = -4, -3*q + 4*u = 10. Let t = 26 - q. Let w = -5190 + 5196. Calculate the greatest common factor of w and t.
6
Let c(t) = t**3 - t**2 - 13*t. Let i be c(6). Let r be (4 + (-75)/6)*-4. What is the highest common divisor of r and i?
34
Suppose 11 = h - 13. Suppose -w = 2*w - h. Let j = 192 + -104. Calculate the greatest common divisor of w and j.
8
Suppose 96 = -2*l + 6*l. Let g(o) = -4*o - 25. Let u be g(-13). Let r = -24 + u. What is the highest common factor of r and l?
3
Let a be (15 - 22 - -15) + (-7 - -1). Calculate the highest common factor of a and 778.
2
Let g = 224 - 64. Suppose -268 = 6*i - 10*i + 3*w, 4*i = 2*w + 264. Calculate the highest common factor of i and g.
32
Suppose -2*v + 17 = -5*r + 77, 0 = -5*v. Let d be ((-116)/r + 3)*-6. What is the highest common divisor of 280 and d?
40
Let f(a) = -a**3 + 6*a**2 - 3*a + 11. Let y be f(5). Suppose y + 15 = 3*c. What is the greatest common divisor of c and 84?
12
Let q(s) = -40*s + 425. Let k be q(8). What is the highest common divisor of 375 and k?
15
Let s(l) = -3*l + 75. Let a = 114 - 101. Let d be s(a). Let n = 27 + -15. Calculate the greatest common factor of d and n.
12
Let o(z) = z**3 + 36*z**2 + 35*z + 21. Let g be o(-35). What is the highest common factor of g and 147?
21
Let u = 23 - 25. Let v(b) be the first derivative of 3*b**3 + b**2/2 + 2*b + 3. Let s be v(u). What is the greatest common factor of s and 18?
18
Let c(j) = -j**2 - 3*j - 6. Let g(h) = h**2 + 2*h + 6. Let r(o) = 4*c(o) + 5*g(o). Let f be r(0). Calculate the highest common divisor of 42 and f.
6
Let g(m) = -m**2